{"id":28115,"date":"2019-09-25T16:06:45","date_gmt":"2019-09-25T19:06:45","guid":{"rendered":"http:\/\/publicacoes.estadao.com.br\/guia-da-faculdade\/?page_id=28115"},"modified":"2025-10-27T15:26:55","modified_gmt":"2025-10-27T18:26:55","slug":"administracao-negocios-e-servicos","status":"publish","type":"page","link":"https:\/\/publicacoes.estadao.com.br\/guia-da-faculdade\/administracao-negocios-e-servicos\/","title":{"rendered":"Administra\u00e7\u00e3o, Neg\u00f3cios e Servi\u00e7os"},"content":{"rendered":"<p>A \u00e1rea de <strong>Administra\u00e7\u00e3o, Neg\u00f3cios e Servi\u00e7os<\/strong> \u00e9 respons\u00e1vel por organizar, planejar e gerir recursos, processos e pessoas, garantindo a efici\u00eancia e a sustentabilidade das organiza\u00e7\u00f5es. Sob esse guarda-chuva est\u00e3o cursos como Administra\u00e7\u00e3o, Ci\u00eancias Cont\u00e1beis, Ci\u00eancias Econ\u00f4micas, Gest\u00e3o de Recursos Humanos, Marketing e Log\u00edstica, que formam profissionais com vis\u00e3o estrat\u00e9gica para o mundo dos neg\u00f3cios.<\/p>\n<p>Segundo Fabr\u00edcio Stocker, coordenador do curso de Administra\u00e7\u00e3o da Funda\u00e7\u00e3o Get\u00falio Vargas (FGV), as pr\u00e1ticas de Administra\u00e7\u00e3o e Neg\u00f3cios s\u00e3o demandadas em praticamente todos os setores da economia, das institui\u00e7\u00f5es financeiras e empresas de tecnologia \u00e0s ind\u00fastrias e \u00f3rg\u00e3os p\u00fablicos, que buscam \u201cadministradores com compet\u00eancias t\u00e9cnicas s\u00f3lidas, capacidade anal\u00edtica e dom\u00ednio de ferramentas digitais\u201d.<\/p>\n<p>Essa presen\u00e7a multisetorial torna as carreiras da \u00e1rea atrativas, mas tamb\u00e9m evidencia uma virada de chave importante: a crescente transforma\u00e7\u00e3o digital, que tem aumentado a competitividade no mercado de trabalho.<\/p>\n<p>Com isso, o dom\u00ednio de dados, estat\u00edstica e programa\u00e7\u00e3o j\u00e1 aparece como requisito b\u00e1sico para profissionais em cargos que envolvem a tomada de decis\u00f5es estrat\u00e9gicas. O ingl\u00eas, antes visto como diferencial, tamb\u00e9m tornou-se compet\u00eancia obrigat\u00f3ria, enquanto a experi\u00eancia internacional tamb\u00e9m passou a ser valorizada em processos seletivos. \u201cA competitividade exige atualiza\u00e7\u00e3o constante, dom\u00ednio de novas tecnologias, habilidades anal\u00edticas e compreens\u00e3o de mercados internacionais. Quest\u00f5es regulat\u00f3rias, mudan\u00e7as no comportamento do consumidor e a converg\u00eancia entre neg\u00f3cios e tecnologia tamb\u00e9m moldam a demanda por talentos\u201d, explica Fabr\u00edcio.<\/p>\n<p>Para que o futuro profissional d\u00ea conta das novas exig\u00eancias, fazer um curso superior de qualidade \u00e9 o ponto de partida. \u201cA forma\u00e7\u00e3o precisa combinar uma base s\u00f3lida em gest\u00e3o com possibilidades de especializa\u00e7\u00e3o j\u00e1 na gradua\u00e7\u00e3o, preparando para mercados espec\u00edficos\u201d, afirma o coordenador.<\/p>\n<p><strong>Cursos com mais alunos matriculados em 2024<\/strong><\/p>\n<table width=\"100%\">\n<tbody>\n<tr>\n<td width=\"\"><strong>Curso<\/strong><\/td>\n<td width=\"\"><strong>Matr\u00edculas (gradua\u00e7\u00f5es presenciais)<\/strong><\/td>\n<\/tr>\n<tr>\n<td width=\"\">Administra\u00e7\u00e3o<\/td>\n<td width=\"\">214.639<\/td>\n<\/tr>\n<tr>\n<td width=\"\">Contabilidade (Ci\u00eancias Cont\u00e1beis)<\/td>\n<td width=\"\">106.654<\/td>\n<\/tr>\n<tr>\n<td width=\"\">Economia<\/td>\n<td width=\"\">45.090<\/td>\n<\/tr>\n<tr>\n<td width=\"\">Gest\u00e3o de Pessoas (Recursos Humanos)<\/td>\n<td width=\"\">22.915<\/td>\n<\/tr>\n<tr>\n<td width=\"\">Log\u00edstica<\/td>\n<td width=\"\">16.827<\/td>\n<\/tr>\n<\/tbody>\n<\/table>\n<p><em>Fonte: Censo da Educa\u00e7\u00e3o Superior 2024<\/em><\/p>\n","protected":false},"excerpt":{"rendered":"<p>A \u00e1rea de Administra\u00e7\u00e3o, Neg\u00f3cios e Servi\u00e7os \u00e9 respons\u00e1vel por organizar, planejar e gerir recursos, processos e pessoas, garantindo a efici\u00eancia e a sustentabilidade das organiza\u00e7\u00f5es. Sob esse guarda-chuva est\u00e3o cursos como Administra\u00e7\u00e3o, Ci\u00eancias Cont\u00e1beis, Ci\u00eancias Econ\u00f4micas, Gest\u00e3o de Recursos Humanos, Marketing e Log\u00edstica, que formam profissionais com vis\u00e3o estrat\u00e9gica para o mundo dos neg\u00f3cios. &hellip; <a href=\"https:\/\/publicacoes.estadao.com.br\/guia-da-faculdade\/administracao-negocios-e-servicos\/\">Continued<\/a><\/p>\n","protected":false},"author":1,"featured_media":0,"parent":0,"menu_order":0,"comment_status":"closed","ping_status":"closed","template":"template-destaques-ac-administracao-negocios-e-servicos.php","meta":{"_acf_changed":false,"footnotes":""},"class_list":["post-28115","page","type-page","status-publish","hentry"],"acf":[],"yoast_head":"<!-- This site is optimized with the Yoast SEO plugin v27.3 - https:\/\/yoast.com\/product\/yoast-seo-wordpress\/ -->\n<title>Administra\u00e7\u00e3o, Neg\u00f3cios e Servi\u00e7os - Guia da Faculdade 2025<\/title>\n<meta name=\"robots\" content=\"index, follow, max-snippet:-1, max-image-preview:large, max-video-preview:-1\" \/>\n<link rel=\"canonical\" href=\"https:\/\/publicacoes.estadao.com.br\/guia-da-faculdade\/administracao-negocios-e-servicos\/\" \/>\n<meta property=\"og:locale\" content=\"pt_BR\" \/>\n<meta property=\"og:type\" content=\"article\" \/>\n<meta property=\"og:title\" content=\"Administra\u00e7\u00e3o, Neg\u00f3cios e Servi\u00e7os - Guia da Faculdade 2025\" \/>\n<meta property=\"og:description\" content=\"A \u00e1rea de Administra\u00e7\u00e3o, Neg\u00f3cios e Servi\u00e7os \u00e9 respons\u00e1vel por organizar, planejar e gerir recursos, processos e pessoas, garantindo a efici\u00eancia e a sustentabilidade das organiza\u00e7\u00f5es. Sob esse guarda-chuva est\u00e3o cursos como Administra\u00e7\u00e3o, Ci\u00eancias Cont\u00e1beis, Ci\u00eancias Econ\u00f4micas, Gest\u00e3o de Recursos Humanos, Marketing e Log\u00edstica, que formam profissionais com vis\u00e3o estrat\u00e9gica para o mundo dos neg\u00f3cios. &hellip; Continued\" \/>\n<meta property=\"og:url\" content=\"https:\/\/publicacoes.estadao.com.br\/guia-da-faculdade\/administracao-negocios-e-servicos\/\" \/>\n<meta property=\"og:site_name\" content=\"Guia da Faculdade 2025\" \/>\n<meta property=\"article:modified_time\" content=\"2025-10-27T18:26:55+00:00\" \/>\n<meta name=\"twitter:card\" content=\"summary_large_image\" \/>\n<meta name=\"twitter:label1\" content=\"Est. tempo de leitura\" \/>\n\t<meta name=\"twitter:data1\" content=\"2 minutos\" \/>\n<script type=\"application\/ld+json\" class=\"yoast-schema-graph\">{\"@context\":\"https:\\\/\\\/schema.org\",\"@graph\":[{\"@type\":\"WebPage\",\"@id\":\"https:\\\/\\\/publicacoes.estadao.com.br\\\/guia-da-faculdade\\\/administracao-negocios-e-servicos\\\/\",\"url\":\"https:\\\/\\\/publicacoes.estadao.com.br\\\/guia-da-faculdade\\\/administracao-negocios-e-servicos\\\/\",\"name\":\"Administra\u00e7\u00e3o, Neg\u00f3cios e Servi\u00e7os - Guia da Faculdade 2025\",\"isPartOf\":{\"@id\":\"https:\\\/\\\/publicacoes.estadao.com.br\\\/guia-da-faculdade\\\/#website\"},\"datePublished\":\"2019-09-25T19:06:45+00:00\",\"dateModified\":\"2025-10-27T18:26:55+00:00\",\"breadcrumb\":{\"@id\":\"https:\\\/\\\/publicacoes.estadao.com.br\\\/guia-da-faculdade\\\/administracao-negocios-e-servicos\\\/#breadcrumb\"},\"inLanguage\":\"pt-BR\",\"potentialAction\":[{\"@type\":\"ReadAction\",\"target\":[\"https:\\\/\\\/publicacoes.estadao.com.br\\\/guia-da-faculdade\\\/administracao-negocios-e-servicos\\\/\"]}]},{\"@type\":\"BreadcrumbList\",\"@id\":\"https:\\\/\\\/publicacoes.estadao.com.br\\\/guia-da-faculdade\\\/administracao-negocios-e-servicos\\\/#breadcrumb\",\"itemListElement\":[{\"@type\":\"ListItem\",\"position\":1,\"name\":\"In\u00edcio\",\"item\":\"https:\\\/\\\/publicacoes.estadao.com.br\\\/guia-da-faculdade\\\/\"},{\"@type\":\"ListItem\",\"position\":2,\"name\":\"Administra\u00e7\u00e3o, Neg\u00f3cios e Servi\u00e7os\"}]},{\"@type\":\"WebSite\",\"@id\":\"https:\\\/\\\/publicacoes.estadao.com.br\\\/guia-da-faculdade\\\/#website\",\"url\":\"https:\\\/\\\/publicacoes.estadao.com.br\\\/guia-da-faculdade\\\/\",\"name\":\"Guia da Faculdade 2025\",\"description\":\"\",\"potentialAction\":[{\"@type\":\"SearchAction\",\"target\":{\"@type\":\"EntryPoint\",\"urlTemplate\":\"https:\\\/\\\/publicacoes.estadao.com.br\\\/guia-da-faculdade\\\/?s={search_term_string}\"},\"query-input\":{\"@type\":\"PropertyValueSpecification\",\"valueRequired\":true,\"valueName\":\"search_term_string\"}}],\"inLanguage\":\"pt-BR\"}]}<\/script>\n<!-- \/ Yoast SEO plugin. -->","yoast_head_json":{"title":"Administra\u00e7\u00e3o, Neg\u00f3cios e Servi\u00e7os - Guia da Faculdade 2025","robots":{"index":"index","follow":"follow","max-snippet":"max-snippet:-1","max-image-preview":"max-image-preview:large","max-video-preview":"max-video-preview:-1"},"canonical":"https:\/\/publicacoes.estadao.com.br\/guia-da-faculdade\/administracao-negocios-e-servicos\/","og_locale":"pt_BR","og_type":"article","og_title":"Administra\u00e7\u00e3o, Neg\u00f3cios e Servi\u00e7os - Guia da Faculdade 2025","og_description":"A \u00e1rea de Administra\u00e7\u00e3o, Neg\u00f3cios e Servi\u00e7os \u00e9 respons\u00e1vel por organizar, planejar e gerir recursos, processos e pessoas, garantindo a efici\u00eancia e a sustentabilidade das organiza\u00e7\u00f5es. Sob esse guarda-chuva est\u00e3o cursos como Administra\u00e7\u00e3o, Ci\u00eancias Cont\u00e1beis, Ci\u00eancias Econ\u00f4micas, Gest\u00e3o de Recursos Humanos, Marketing e Log\u00edstica, que formam profissionais com vis\u00e3o estrat\u00e9gica para o mundo dos neg\u00f3cios. &hellip; Continued","og_url":"https:\/\/publicacoes.estadao.com.br\/guia-da-faculdade\/administracao-negocios-e-servicos\/","og_site_name":"Guia da Faculdade 2025","article_modified_time":"2025-10-27T18:26:55+00:00","twitter_card":"summary_large_image","twitter_misc":{"Est. tempo de leitura":"2 minutos"},"schema":{"@context":"https:\/\/schema.org","@graph":[{"@type":"WebPage","@id":"https:\/\/publicacoes.estadao.com.br\/guia-da-faculdade\/administracao-negocios-e-servicos\/","url":"https:\/\/publicacoes.estadao.com.br\/guia-da-faculdade\/administracao-negocios-e-servicos\/","name":"Administra\u00e7\u00e3o, Neg\u00f3cios e Servi\u00e7os - Guia da Faculdade 2025","isPartOf":{"@id":"https:\/\/publicacoes.estadao.com.br\/guia-da-faculdade\/#website"},"datePublished":"2019-09-25T19:06:45+00:00","dateModified":"2025-10-27T18:26:55+00:00","breadcrumb":{"@id":"https:\/\/publicacoes.estadao.com.br\/guia-da-faculdade\/administracao-negocios-e-servicos\/#breadcrumb"},"inLanguage":"pt-BR","potentialAction":[{"@type":"ReadAction","target":["https:\/\/publicacoes.estadao.com.br\/guia-da-faculdade\/administracao-negocios-e-servicos\/"]}]},{"@type":"BreadcrumbList","@id":"https:\/\/publicacoes.estadao.com.br\/guia-da-faculdade\/administracao-negocios-e-servicos\/#breadcrumb","itemListElement":[{"@type":"ListItem","position":1,"name":"In\u00edcio","item":"https:\/\/publicacoes.estadao.com.br\/guia-da-faculdade\/"},{"@type":"ListItem","position":2,"name":"Administra\u00e7\u00e3o, Neg\u00f3cios e Servi\u00e7os"}]},{"@type":"WebSite","@id":"https:\/\/publicacoes.estadao.com.br\/guia-da-faculdade\/#website","url":"https:\/\/publicacoes.estadao.com.br\/guia-da-faculdade\/","name":"Guia da Faculdade 2025","description":"","potentialAction":[{"@type":"SearchAction","target":{"@type":"EntryPoint","urlTemplate":"https:\/\/publicacoes.estadao.com.br\/guia-da-faculdade\/?s={search_term_string}"},"query-input":{"@type":"PropertyValueSpecification","valueRequired":true,"valueName":"search_term_string"}}],"inLanguage":"pt-BR"}]}},"_links":{"self":[{"href":"https:\/\/publicacoes.estadao.com.br\/guia-da-faculdade\/wp-json\/wp\/v2\/pages\/28115","targetHints":{"allow":["GET"]}}],"collection":[{"href":"https:\/\/publicacoes.estadao.com.br\/guia-da-faculdade\/wp-json\/wp\/v2\/pages"}],"about":[{"href":"https:\/\/publicacoes.estadao.com.br\/guia-da-faculdade\/wp-json\/wp\/v2\/types\/page"}],"author":[{"embeddable":true,"href":"https:\/\/publicacoes.estadao.com.br\/guia-da-faculdade\/wp-json\/wp\/v2\/users\/1"}],"replies":[{"embeddable":true,"href":"https:\/\/publicacoes.estadao.com.br\/guia-da-faculdade\/wp-json\/wp\/v2\/comments?post=28115"}],"version-history":[{"count":10,"href":"https:\/\/publicacoes.estadao.com.br\/guia-da-faculdade\/wp-json\/wp\/v2\/pages\/28115\/revisions"}],"predecessor-version":[{"id":251357,"href":"https:\/\/publicacoes.estadao.com.br\/guia-da-faculdade\/wp-json\/wp\/v2\/pages\/28115\/revisions\/251357"}],"wp:attachment":[{"href":"https:\/\/publicacoes.estadao.com.br\/guia-da-faculdade\/wp-json\/wp\/v2\/media?parent=28115"}],"curies":[{"name":"wp","href":"https:\/\/api.w.org\/{rel}","templated":true}]}}