{"id":28107,"date":"2019-09-25T16:04:58","date_gmt":"2019-09-25T19:04:58","guid":{"rendered":"http:\/\/publicacoes.estadao.com.br\/guia-da-faculdade\/?page_id=28107"},"modified":"2025-10-27T15:28:37","modified_gmt":"2025-10-27T18:28:37","slug":"engenharias","status":"publish","type":"page","link":"https:\/\/publicacoes.estadao.com.br\/guia-da-faculdade\/engenharias\/","title":{"rendered":"Engenharias"},"content":{"rendered":"<p>A Engenharia \u00e9 o campo respons\u00e1vel por desenvolver solu\u00e7\u00f5es pr\u00e1ticas para setores de constru\u00e7\u00e3o civil, energia, minera\u00e7\u00e3o, tecnologia, agroneg\u00f3cio e finan\u00e7as. A \u00e1rea est\u00e1 na vanguarda da solu\u00e7\u00e3o de problemas, buscando aumentar a efici\u00eancia, reduzir custos e minimizar impactos ambientais.<\/p>\n<p>\u201c\u00c9 um setor amplo, ainda que sujeito \u00e0s oscila\u00e7\u00f5es econ\u00f4micas nacionais e globais, como as enfrentadas no per\u00edodo da pandemia e, mais recentemente, com as taxa\u00e7\u00f5es impostas pelos Estados Unidos\u201d, afirma Luis Cesar Ferreira, coordenador do curso de Engenharia Civil do Centro Federal de Educa\u00e7\u00e3o Tecnol\u00f3gica Celso Suckow da Fonseca (Cefet-RJ).<\/p>\n<p>A despeito dos desafios, a demanda por engenheiros segue crescente, com destaque para a Engenharia Civil, em \u00e1reas como infraestrutura, moradia e energia. As novas tend\u00eancias, como a Ind\u00fastria 4.0, Intelig\u00eancia Artificial (IA), Internet das Coisas (IoT) e a busca por solu\u00e7\u00f5es sustent\u00e1veis, exigem profissionais que saibam aplicar novas ferramentas em seus projetos e atender \u00e0s demandas de um mercado em constante transforma\u00e7\u00e3o.<\/p>\n<p>Embora o cen\u00e1rio seja positivo, h\u00e1 uma lacuna em rela\u00e7\u00e3o \u00e0 oferta de profissionais qualificados, especialmente nas \u00e1reas de infraestrutura e moradia. \u201cH\u00e1 pouco interesse dos jovens pelos cursos de Engenharia, aumentando o d\u00e9ficit de profissionais. Enquanto pa\u00edses desenvolvidos formam mais de 20 profissionais de Engenharia a cada mil habitantes, no Brasil este \u00edndice \u00e9 de menos de seis profissionais\u201d, afirma Sidiclei Formagini, coordenador do curso de Engenharia Civil da Universidade Federal de Mato Grosso do Sul (UFMS).<\/p>\n<p>Para Sidiclei, uma boa gradua\u00e7\u00e3o na \u00e1rea deve oferecer uma s\u00f3lida base te\u00f3rica em ci\u00eancias b\u00e1sicas, proporcionar experi\u00eancias pr\u00e1ticas, como est\u00e1gios e projetos em campo, e contar com uma infraestrutura adequada. \u201cUm bom curso de Engenharia ainda deve ter um projeto pedag\u00f3gico atualizado, al\u00e9m de um quadro docente qualificado e comprometido\u201d, conclui o coordenador da UFMS.<\/p>\n<p><strong>Cursos com mais alunos matriculados em 2024<\/strong><\/p>\n<table width=\"100%\">\n<tbody>\n<tr>\n<td width=\"\"><strong>Curso<\/strong><\/td>\n<td width=\"\"><strong>Matr\u00edculas (gradua\u00e7\u00f5es presenciais)<\/strong><\/td>\n<\/tr>\n<tr>\n<td width=\"\">Engenharia Civil\/td&gt;<\/td>\n<td width=\"\">106.533<\/td>\n<\/tr>\n<tr>\n<td width=\"\">Engenharia Mec\u00e2nica<\/td>\n<td width=\"\">67.137<\/td>\n<\/tr>\n<tr>\n<td width=\"\">Engenharia El\u00e9trica<\/td>\n<td width=\"\">53.744<\/td>\n<\/tr>\n<tr>\n<td width=\"\">Engenharia de Produ\u00e7\u00e3o<\/td>\n<td width=\"\">52.160<\/td>\n<\/tr>\n<tr>\n<td width=\"\">Engenharia de Computa\u00e7\u00e3o<\/td>\n<td width=\"\">41.191<\/td>\n<\/tr>\n<\/tbody>\n<\/table>\n<p><em>Fonte: Censo da Educa\u00e7\u00e3o Superior 2024<\/em><\/p>\n","protected":false},"excerpt":{"rendered":"<p>A Engenharia \u00e9 o campo respons\u00e1vel por desenvolver solu\u00e7\u00f5es pr\u00e1ticas para setores de constru\u00e7\u00e3o civil, energia, minera\u00e7\u00e3o, tecnologia, agroneg\u00f3cio e finan\u00e7as. A \u00e1rea est\u00e1 na vanguarda da solu\u00e7\u00e3o de problemas, buscando aumentar a efici\u00eancia, reduzir custos e minimizar impactos ambientais. \u201c\u00c9 um setor amplo, ainda que sujeito \u00e0s oscila\u00e7\u00f5es econ\u00f4micas nacionais e globais, como as &hellip; <a href=\"https:\/\/publicacoes.estadao.com.br\/guia-da-faculdade\/engenharias\/\">Continued<\/a><\/p>\n","protected":false},"author":1,"featured_media":0,"parent":0,"menu_order":0,"comment_status":"closed","ping_status":"closed","template":"template-destaques-ac-engenharias.php","meta":{"_acf_changed":false,"footnotes":""},"class_list":["post-28107","page","type-page","status-publish","hentry"],"acf":[],"yoast_head":"<!-- This site is optimized with the Yoast SEO plugin v27.3 - https:\/\/yoast.com\/product\/yoast-seo-wordpress\/ -->\n<title>Engenharias - Guia da Faculdade 2025<\/title>\n<meta name=\"robots\" content=\"index, follow, max-snippet:-1, max-image-preview:large, max-video-preview:-1\" \/>\n<link rel=\"canonical\" href=\"https:\/\/publicacoes.estadao.com.br\/guia-da-faculdade\/engenharias\/\" \/>\n<meta property=\"og:locale\" content=\"pt_BR\" \/>\n<meta property=\"og:type\" content=\"article\" \/>\n<meta property=\"og:title\" content=\"Engenharias - Guia da Faculdade 2025\" \/>\n<meta property=\"og:description\" content=\"A Engenharia \u00e9 o campo respons\u00e1vel por desenvolver solu\u00e7\u00f5es pr\u00e1ticas para setores de constru\u00e7\u00e3o civil, energia, minera\u00e7\u00e3o, tecnologia, agroneg\u00f3cio e finan\u00e7as. A \u00e1rea est\u00e1 na vanguarda da solu\u00e7\u00e3o de problemas, buscando aumentar a efici\u00eancia, reduzir custos e minimizar impactos ambientais. \u201c\u00c9 um setor amplo, ainda que sujeito \u00e0s oscila\u00e7\u00f5es econ\u00f4micas nacionais e globais, como as &hellip; Continued\" \/>\n<meta property=\"og:url\" content=\"https:\/\/publicacoes.estadao.com.br\/guia-da-faculdade\/engenharias\/\" \/>\n<meta property=\"og:site_name\" content=\"Guia da Faculdade 2025\" \/>\n<meta property=\"article:modified_time\" content=\"2025-10-27T18:28:37+00:00\" \/>\n<meta name=\"twitter:card\" content=\"summary_large_image\" \/>\n<meta name=\"twitter:label1\" content=\"Est. tempo de leitura\" \/>\n\t<meta name=\"twitter:data1\" content=\"2 minutos\" \/>\n<script type=\"application\/ld+json\" class=\"yoast-schema-graph\">{\"@context\":\"https:\\\/\\\/schema.org\",\"@graph\":[{\"@type\":\"WebPage\",\"@id\":\"https:\\\/\\\/publicacoes.estadao.com.br\\\/guia-da-faculdade\\\/engenharias\\\/\",\"url\":\"https:\\\/\\\/publicacoes.estadao.com.br\\\/guia-da-faculdade\\\/engenharias\\\/\",\"name\":\"Engenharias - Guia da Faculdade 2025\",\"isPartOf\":{\"@id\":\"https:\\\/\\\/publicacoes.estadao.com.br\\\/guia-da-faculdade\\\/#website\"},\"datePublished\":\"2019-09-25T19:04:58+00:00\",\"dateModified\":\"2025-10-27T18:28:37+00:00\",\"breadcrumb\":{\"@id\":\"https:\\\/\\\/publicacoes.estadao.com.br\\\/guia-da-faculdade\\\/engenharias\\\/#breadcrumb\"},\"inLanguage\":\"pt-BR\",\"potentialAction\":[{\"@type\":\"ReadAction\",\"target\":[\"https:\\\/\\\/publicacoes.estadao.com.br\\\/guia-da-faculdade\\\/engenharias\\\/\"]}]},{\"@type\":\"BreadcrumbList\",\"@id\":\"https:\\\/\\\/publicacoes.estadao.com.br\\\/guia-da-faculdade\\\/engenharias\\\/#breadcrumb\",\"itemListElement\":[{\"@type\":\"ListItem\",\"position\":1,\"name\":\"In\u00edcio\",\"item\":\"https:\\\/\\\/publicacoes.estadao.com.br\\\/guia-da-faculdade\\\/\"},{\"@type\":\"ListItem\",\"position\":2,\"name\":\"Engenharias\"}]},{\"@type\":\"WebSite\",\"@id\":\"https:\\\/\\\/publicacoes.estadao.com.br\\\/guia-da-faculdade\\\/#website\",\"url\":\"https:\\\/\\\/publicacoes.estadao.com.br\\\/guia-da-faculdade\\\/\",\"name\":\"Guia da Faculdade 2025\",\"description\":\"\",\"potentialAction\":[{\"@type\":\"SearchAction\",\"target\":{\"@type\":\"EntryPoint\",\"urlTemplate\":\"https:\\\/\\\/publicacoes.estadao.com.br\\\/guia-da-faculdade\\\/?s={search_term_string}\"},\"query-input\":{\"@type\":\"PropertyValueSpecification\",\"valueRequired\":true,\"valueName\":\"search_term_string\"}}],\"inLanguage\":\"pt-BR\"}]}<\/script>\n<!-- \/ Yoast SEO plugin. -->","yoast_head_json":{"title":"Engenharias - Guia da Faculdade 2025","robots":{"index":"index","follow":"follow","max-snippet":"max-snippet:-1","max-image-preview":"max-image-preview:large","max-video-preview":"max-video-preview:-1"},"canonical":"https:\/\/publicacoes.estadao.com.br\/guia-da-faculdade\/engenharias\/","og_locale":"pt_BR","og_type":"article","og_title":"Engenharias - Guia da Faculdade 2025","og_description":"A Engenharia \u00e9 o campo respons\u00e1vel por desenvolver solu\u00e7\u00f5es pr\u00e1ticas para setores de constru\u00e7\u00e3o civil, energia, minera\u00e7\u00e3o, tecnologia, agroneg\u00f3cio e finan\u00e7as. A \u00e1rea est\u00e1 na vanguarda da solu\u00e7\u00e3o de problemas, buscando aumentar a efici\u00eancia, reduzir custos e minimizar impactos ambientais. \u201c\u00c9 um setor amplo, ainda que sujeito \u00e0s oscila\u00e7\u00f5es econ\u00f4micas nacionais e globais, como as &hellip; Continued","og_url":"https:\/\/publicacoes.estadao.com.br\/guia-da-faculdade\/engenharias\/","og_site_name":"Guia da Faculdade 2025","article_modified_time":"2025-10-27T18:28:37+00:00","twitter_card":"summary_large_image","twitter_misc":{"Est. tempo de leitura":"2 minutos"},"schema":{"@context":"https:\/\/schema.org","@graph":[{"@type":"WebPage","@id":"https:\/\/publicacoes.estadao.com.br\/guia-da-faculdade\/engenharias\/","url":"https:\/\/publicacoes.estadao.com.br\/guia-da-faculdade\/engenharias\/","name":"Engenharias - Guia da Faculdade 2025","isPartOf":{"@id":"https:\/\/publicacoes.estadao.com.br\/guia-da-faculdade\/#website"},"datePublished":"2019-09-25T19:04:58+00:00","dateModified":"2025-10-27T18:28:37+00:00","breadcrumb":{"@id":"https:\/\/publicacoes.estadao.com.br\/guia-da-faculdade\/engenharias\/#breadcrumb"},"inLanguage":"pt-BR","potentialAction":[{"@type":"ReadAction","target":["https:\/\/publicacoes.estadao.com.br\/guia-da-faculdade\/engenharias\/"]}]},{"@type":"BreadcrumbList","@id":"https:\/\/publicacoes.estadao.com.br\/guia-da-faculdade\/engenharias\/#breadcrumb","itemListElement":[{"@type":"ListItem","position":1,"name":"In\u00edcio","item":"https:\/\/publicacoes.estadao.com.br\/guia-da-faculdade\/"},{"@type":"ListItem","position":2,"name":"Engenharias"}]},{"@type":"WebSite","@id":"https:\/\/publicacoes.estadao.com.br\/guia-da-faculdade\/#website","url":"https:\/\/publicacoes.estadao.com.br\/guia-da-faculdade\/","name":"Guia da Faculdade 2025","description":"","potentialAction":[{"@type":"SearchAction","target":{"@type":"EntryPoint","urlTemplate":"https:\/\/publicacoes.estadao.com.br\/guia-da-faculdade\/?s={search_term_string}"},"query-input":{"@type":"PropertyValueSpecification","valueRequired":true,"valueName":"search_term_string"}}],"inLanguage":"pt-BR"}]}},"_links":{"self":[{"href":"https:\/\/publicacoes.estadao.com.br\/guia-da-faculdade\/wp-json\/wp\/v2\/pages\/28107","targetHints":{"allow":["GET"]}}],"collection":[{"href":"https:\/\/publicacoes.estadao.com.br\/guia-da-faculdade\/wp-json\/wp\/v2\/pages"}],"about":[{"href":"https:\/\/publicacoes.estadao.com.br\/guia-da-faculdade\/wp-json\/wp\/v2\/types\/page"}],"author":[{"embeddable":true,"href":"https:\/\/publicacoes.estadao.com.br\/guia-da-faculdade\/wp-json\/wp\/v2\/users\/1"}],"replies":[{"embeddable":true,"href":"https:\/\/publicacoes.estadao.com.br\/guia-da-faculdade\/wp-json\/wp\/v2\/comments?post=28107"}],"version-history":[{"count":5,"href":"https:\/\/publicacoes.estadao.com.br\/guia-da-faculdade\/wp-json\/wp\/v2\/pages\/28107\/revisions"}],"predecessor-version":[{"id":251355,"href":"https:\/\/publicacoes.estadao.com.br\/guia-da-faculdade\/wp-json\/wp\/v2\/pages\/28107\/revisions\/251355"}],"wp:attachment":[{"href":"https:\/\/publicacoes.estadao.com.br\/guia-da-faculdade\/wp-json\/wp\/v2\/media?parent=28107"}],"curies":[{"name":"wp","href":"https:\/\/api.w.org\/{rel}","templated":true}]}}