{"id":7,"date":"2024-10-11T10:41:32","date_gmt":"2024-10-11T13:41:32","guid":{"rendered":"http:\/\/localhost\/guia-da-faculdade\/site\/?page_id=7"},"modified":"2024-10-20T20:41:29","modified_gmt":"2024-10-20T23:41:29","slug":"guia-da-faculdade-2024","status":"publish","type":"page","link":"https:\/\/publicacoes.estadao.com.br\/guia-da-faculdade-2024\/","title":{"rendered":"Guia da Faculdade 2024"},"content":{"rendered":"<p>A mais abrangente avalia\u00e7\u00e3o de titula\u00e7\u00f5es e modalidades dispon\u00edveis no ensino superior brasileiro.<\/p>\n<p>Informa\u00e7\u00f5es sobre bacharelados, licenciaturas e tecnol\u00f3gicos, incluindo cursos interdisciplinares de faculdades p\u00fablicas e privadas de todo o Pa\u00eds.<\/p>\n","protected":false},"excerpt":{"rendered":"<p>A mais abrangente avalia\u00e7\u00e3o de titula\u00e7\u00f5es e modalidades dispon\u00edveis no ensino superior brasileiro. Informa\u00e7\u00f5es sobre bacharelados, licenciaturas e tecnol\u00f3gicos, incluindo cursos interdisciplinares de faculdades p\u00fablicas e privadas de todo o Pa\u00eds.<\/p>\n","protected":false},"author":1,"featured_media":0,"parent":0,"menu_order":0,"comment_status":"closed","ping_status":"closed","template":"page-home-2024.php","meta":{"footnotes":""},"class_list":["post-7","page","type-page","status-publish","hentry"],"yoast_head":"<!-- This site is optimized with the Yoast SEO plugin v23.6 - https:\/\/yoast.com\/wordpress\/plugins\/seo\/ -->\n<title>Guia da Faculdade 2024 - Parceria Estad\u00e3o e Quero Educa\u00e7\u00e3o<\/title>\n<meta name=\"description\" content=\"A mais abrangente avalia\u00e7\u00e3o de titula\u00e7\u00f5es e modalidades dispon\u00edveis no ensino superior brasileiro. Informa\u00e7\u00f5es sobre bacharelados, licenciaturas e tecnol\u00f3gicos, incluindo cursos interdisciplinares de faculdades p\u00fablicas e privadas de todo o Pa\u00eds.\" \/>\n<meta name=\"robots\" content=\"noindex, follow, max-snippet:-1, max-image-preview:large, max-video-preview:-1\" \/>\n<meta property=\"og:locale\" content=\"pt_BR\" \/>\n<meta property=\"og:type\" content=\"article\" \/>\n<meta property=\"og:title\" content=\"Guia da Faculdade 2024 - Parceria Estad\u00e3o e Quero Educa\u00e7\u00e3o\" \/>\n<meta property=\"og:description\" content=\"A mais abrangente avalia\u00e7\u00e3o de titula\u00e7\u00f5es e modalidades dispon\u00edveis no ensino superior brasileiro. Informa\u00e7\u00f5es sobre bacharelados, licenciaturas e tecnol\u00f3gicos, incluindo cursos interdisciplinares de faculdades p\u00fablicas e privadas de todo o Pa\u00eds.\" \/>\n<meta property=\"og:url\" content=\"https:\/\/publicacoes.estadao.com.br\/guia-da-faculdade-2024\/\" \/>\n<meta property=\"og:site_name\" content=\"Guia da Faculdade 2024\" \/>\n<meta property=\"article:modified_time\" content=\"2024-10-20T23:41:29+00:00\" \/>\n<meta name=\"twitter:card\" content=\"summary_large_image\" \/>\n<meta name=\"twitter:label1\" content=\"Est. tempo de leitura\" \/>\n\t<meta name=\"twitter:data1\" content=\"1 minuto\" \/>\n<script type=\"application\/ld+json\" class=\"yoast-schema-graph\">{\"@context\":\"https:\/\/schema.org\",\"@graph\":[{\"@type\":\"WebPage\",\"@id\":\"https:\/\/publicacoes.estadao.com.br\/guia-da-faculdade-2024\/\",\"url\":\"https:\/\/publicacoes.estadao.com.br\/guia-da-faculdade-2024\/\",\"name\":\"Guia da Faculdade 2024 - Parceria Estad\u00e3o e Quero Educa\u00e7\u00e3o\",\"isPartOf\":{\"@id\":\"https:\/\/publicacoes.estadao.com.br\/guia-da-faculdade-2024\/#website\"},\"datePublished\":\"2024-10-11T13:41:32+00:00\",\"dateModified\":\"2024-10-20T23:41:29+00:00\",\"description\":\"A mais abrangente avalia\u00e7\u00e3o de titula\u00e7\u00f5es e modalidades dispon\u00edveis no ensino superior brasileiro. Informa\u00e7\u00f5es sobre bacharelados, licenciaturas e tecnol\u00f3gicos, incluindo cursos interdisciplinares de faculdades p\u00fablicas e privadas de todo o Pa\u00eds.\",\"breadcrumb\":{\"@id\":\"https:\/\/publicacoes.estadao.com.br\/guia-da-faculdade-2024\/#breadcrumb\"},\"inLanguage\":\"pt-BR\",\"potentialAction\":[{\"@type\":\"ReadAction\",\"target\":[\"https:\/\/publicacoes.estadao.com.br\/guia-da-faculdade-2024\/\"]}]},{\"@type\":\"BreadcrumbList\",\"@id\":\"https:\/\/publicacoes.estadao.com.br\/guia-da-faculdade-2024\/#breadcrumb\",\"itemListElement\":[{\"@type\":\"ListItem\",\"position\":1,\"name\":\"In\u00edcio\",\"item\":\"https:\/\/publicacoes.estadao.com.br\/guia-da-faculdade-2024\/\"},{\"@type\":\"ListItem\",\"position\":2,\"name\":\"Guia da Faculdade 2024\"}]},{\"@type\":\"WebSite\",\"@id\":\"https:\/\/publicacoes.estadao.com.br\/guia-da-faculdade-2024\/#website\",\"url\":\"https:\/\/publicacoes.estadao.com.br\/guia-da-faculdade-2024\/\",\"name\":\"Guia da Faculdade 2024\",\"description\":\"Parceria Estad\u00e3o e Quero Educa\u00e7\u00e3o\",\"potentialAction\":[{\"@type\":\"SearchAction\",\"target\":{\"@type\":\"EntryPoint\",\"urlTemplate\":\"https:\/\/publicacoes.estadao.com.br\/guia-da-faculdade-2024\/?s={search_term_string}\"},\"query-input\":{\"@type\":\"PropertyValueSpecification\",\"valueRequired\":true,\"valueName\":\"search_term_string\"}}],\"inLanguage\":\"pt-BR\"}]}<\/script>\n<!-- \/ Yoast SEO plugin. -->","yoast_head_json":{"title":"Guia da Faculdade 2024 - Parceria Estad\u00e3o e Quero Educa\u00e7\u00e3o","description":"A mais abrangente avalia\u00e7\u00e3o de titula\u00e7\u00f5es e modalidades dispon\u00edveis no ensino superior brasileiro. Informa\u00e7\u00f5es sobre bacharelados, licenciaturas e tecnol\u00f3gicos, incluindo cursos interdisciplinares de faculdades p\u00fablicas e privadas de todo o Pa\u00eds.","robots":{"index":"noindex","follow":"follow","max-snippet":"max-snippet:-1","max-image-preview":"max-image-preview:large","max-video-preview":"max-video-preview:-1"},"og_locale":"pt_BR","og_type":"article","og_title":"Guia da Faculdade 2024 - Parceria Estad\u00e3o e Quero Educa\u00e7\u00e3o","og_description":"A mais abrangente avalia\u00e7\u00e3o de titula\u00e7\u00f5es e modalidades dispon\u00edveis no ensino superior brasileiro. Informa\u00e7\u00f5es sobre bacharelados, licenciaturas e tecnol\u00f3gicos, incluindo cursos interdisciplinares de faculdades p\u00fablicas e privadas de todo o Pa\u00eds.","og_url":"https:\/\/publicacoes.estadao.com.br\/guia-da-faculdade-2024\/","og_site_name":"Guia da Faculdade 2024","article_modified_time":"2024-10-20T23:41:29+00:00","twitter_card":"summary_large_image","twitter_misc":{"Est. tempo de leitura":"1 minuto"},"schema":{"@context":"https:\/\/schema.org","@graph":[{"@type":"WebPage","@id":"https:\/\/publicacoes.estadao.com.br\/guia-da-faculdade-2024\/","url":"https:\/\/publicacoes.estadao.com.br\/guia-da-faculdade-2024\/","name":"Guia da Faculdade 2024 - Parceria Estad\u00e3o e Quero Educa\u00e7\u00e3o","isPartOf":{"@id":"https:\/\/publicacoes.estadao.com.br\/guia-da-faculdade-2024\/#website"},"datePublished":"2024-10-11T13:41:32+00:00","dateModified":"2024-10-20T23:41:29+00:00","description":"A mais abrangente avalia\u00e7\u00e3o de titula\u00e7\u00f5es e modalidades dispon\u00edveis no ensino superior brasileiro. Informa\u00e7\u00f5es sobre bacharelados, licenciaturas e tecnol\u00f3gicos, incluindo cursos interdisciplinares de faculdades p\u00fablicas e privadas de todo o Pa\u00eds.","breadcrumb":{"@id":"https:\/\/publicacoes.estadao.com.br\/guia-da-faculdade-2024\/#breadcrumb"},"inLanguage":"pt-BR","potentialAction":[{"@type":"ReadAction","target":["https:\/\/publicacoes.estadao.com.br\/guia-da-faculdade-2024\/"]}]},{"@type":"BreadcrumbList","@id":"https:\/\/publicacoes.estadao.com.br\/guia-da-faculdade-2024\/#breadcrumb","itemListElement":[{"@type":"ListItem","position":1,"name":"In\u00edcio","item":"https:\/\/publicacoes.estadao.com.br\/guia-da-faculdade-2024\/"},{"@type":"ListItem","position":2,"name":"Guia da Faculdade 2024"}]},{"@type":"WebSite","@id":"https:\/\/publicacoes.estadao.com.br\/guia-da-faculdade-2024\/#website","url":"https:\/\/publicacoes.estadao.com.br\/guia-da-faculdade-2024\/","name":"Guia da Faculdade 2024","description":"Parceria Estad\u00e3o e Quero Educa\u00e7\u00e3o","potentialAction":[{"@type":"SearchAction","target":{"@type":"EntryPoint","urlTemplate":"https:\/\/publicacoes.estadao.com.br\/guia-da-faculdade-2024\/?s={search_term_string}"},"query-input":{"@type":"PropertyValueSpecification","valueRequired":true,"valueName":"search_term_string"}}],"inLanguage":"pt-BR"}]}},"_links":{"self":[{"href":"https:\/\/publicacoes.estadao.com.br\/guia-da-faculdade-2024\/wp-json\/wp\/v2\/pages\/7","targetHints":{"allow":["GET"]}}],"collection":[{"href":"https:\/\/publicacoes.estadao.com.br\/guia-da-faculdade-2024\/wp-json\/wp\/v2\/pages"}],"about":[{"href":"https:\/\/publicacoes.estadao.com.br\/guia-da-faculdade-2024\/wp-json\/wp\/v2\/types\/page"}],"author":[{"embeddable":true,"href":"https:\/\/publicacoes.estadao.com.br\/guia-da-faculdade-2024\/wp-json\/wp\/v2\/users\/1"}],"replies":[{"embeddable":true,"href":"https:\/\/publicacoes.estadao.com.br\/guia-da-faculdade-2024\/wp-json\/wp\/v2\/comments?post=7"}],"version-history":[{"count":3,"href":"https:\/\/publicacoes.estadao.com.br\/guia-da-faculdade-2024\/wp-json\/wp\/v2\/pages\/7\/revisions"}],"predecessor-version":[{"id":214727,"href":"https:\/\/publicacoes.estadao.com.br\/guia-da-faculdade-2024\/wp-json\/wp\/v2\/pages\/7\/revisions\/214727"}],"wp:attachment":[{"href":"https:\/\/publicacoes.estadao.com.br\/guia-da-faculdade-2024\/wp-json\/wp\/v2\/media?parent=7"}],"curies":[{"name":"wp","href":"https:\/\/api.w.org\/{rel}","templated":true}]}}