{"id":180102,"date":"2021-10-15T16:46:30","date_gmt":"2021-10-15T19:46:30","guid":{"rendered":"https:\/\/publicacoes.estadao.com.br\/guia-da-faculdade\/?page_id=180102"},"modified":"2021-10-24T10:53:40","modified_gmt":"2021-10-24T13:53:40","slug":"destaque-publicas-2021","status":"publish","type":"page","link":"https:\/\/publicacoes.estadao.com.br\/guia-da-faculdade-2021\/destaque-publicas-2021\/","title":{"rendered":"Os destaques entre as Institui\u00e7\u00f5es P\u00fablicas"},"content":{"rendered":"<p><span style=\"font-weight: 400;\">Apesar da for\u00e7a das universidades federais, espalhadas por todo o Brasil, foram tr\u00eas institui\u00e7\u00f5es estaduais em S\u00e3o Paulo que apresentaram o maior volume de cursos com 5 estrelas. A Universidade de S\u00e3o Paulo (USP) lidera esse ranking de alta qualidade com 101 notas m\u00e1ximas, apresentando um impressionante crescimento de 40% em rela\u00e7\u00e3o aos resultados do ano passado.\u00a0<\/span><\/p>\n<p><span style=\"font-weight: 400;\">Entre as novidades no topo da lista em 2021, est\u00e3o a Universidade Federal da Bahia (UFBA) e a Universidade de Bras\u00edlia (UnB), que aparecem pela primeira vez entre as dez institui\u00e7\u00f5es p\u00fablicas com mais gradua\u00e7\u00f5es 5 estrelas.\u00a0<\/span><\/p>\n<p><span style=\"font-weight: 400;\">As maiores universidades, com grande oferta de cursos, acabam levando uma vantagem quando se enxerga apenas o volume de cursos com notas m\u00e1ximas. Mas, quando se analisa a propor\u00e7\u00e3o de gradua\u00e7\u00f5es 5 estrelas em rela\u00e7\u00e3o ao total de cursos avaliados de cada institui\u00e7\u00e3o, ningu\u00e9m supera o desempenho do Instituto Tecnol\u00f3gico de Aeron\u00e1utica (ITA): este ano, todas as suas gradua\u00e7\u00f5es ganharam nota m\u00e1xima.\u00a0<\/span><\/p>\n<p>&nbsp;<\/p>\n<h2>As institui\u00e7\u00f5es p\u00fablicas com mais cursos 5 estrelas<\/h2>\n<table>\n<tbody>\n<tr>\n<td><b>Institui\u00e7\u00e3o<\/b><\/td>\n<td><b>Estado<\/b><\/td>\n<td><b>N\u00ba de cursos com 5 estrelas<\/b><\/td>\n<\/tr>\n<tr>\n<td><span style=\"font-weight: 400;\">USP<\/span><\/td>\n<td><span style=\"font-weight: 400;\">SP<\/span><\/td>\n<td><span style=\"font-weight: 400;\">101<\/span><\/td>\n<\/tr>\n<tr>\n<td><span style=\"font-weight: 400;\">Unesp<\/span><\/td>\n<td><span style=\"font-weight: 400;\">SP<\/span><\/td>\n<td><span style=\"font-weight: 400;\">41<\/span><\/td>\n<\/tr>\n<tr>\n<td><span style=\"font-weight: 400;\">Unicamp<\/span><\/td>\n<td><span style=\"font-weight: 400;\">SP<\/span><\/td>\n<td><span style=\"font-weight: 400;\">36<\/span><\/td>\n<\/tr>\n<tr>\n<td><span style=\"font-weight: 400;\">UFRGS<\/span><\/td>\n<td><span style=\"font-weight: 400;\">RS<\/span><\/td>\n<td><span style=\"font-weight: 400;\">26<\/span><\/td>\n<\/tr>\n<tr>\n<td><span style=\"font-weight: 400;\">UFMG<\/span><\/td>\n<td><span style=\"font-weight: 400;\">MG<\/span><\/td>\n<td><span style=\"font-weight: 400;\">20<\/span><\/td>\n<\/tr>\n<tr>\n<td><span style=\"font-weight: 400;\">UFRJ<\/span><\/td>\n<td><span style=\"font-weight: 400;\">RJ<\/span><\/td>\n<td><span style=\"font-weight: 400;\">19<\/span><\/td>\n<\/tr>\n<tr>\n<td><span style=\"font-weight: 400;\">UFBA<\/span><\/td>\n<td><span style=\"font-weight: 400;\">BA<\/span><\/td>\n<td><span style=\"font-weight: 400;\">18<\/span><\/td>\n<\/tr>\n<tr>\n<td><span style=\"font-weight: 400;\">UFSCar<\/span><\/p>\n<p><span style=\"font-weight: 400;\">UnB<\/span><\/td>\n<td><span style=\"font-weight: 400;\">SP<\/span><\/p>\n<p><span style=\"font-weight: 400;\">DF<\/span><\/td>\n<td><span style=\"font-weight: 400;\">17<\/span><\/td>\n<\/tr>\n<tr>\n<td><span style=\"font-weight: 400;\">UFSC<\/span><\/td>\n<td><span style=\"font-weight: 400;\">SC<\/span><\/td>\n<td><span style=\"font-weight: 400;\">16<\/span><\/td>\n<\/tr>\n<\/tbody>\n<\/table>\n<p><i><span style=\"font-weight: 400;\">Dos quase 16 mil cursos avaliados no <\/span><\/i><b><i>Guia da Faculdade<\/i><\/b><span style=\"font-weight: 400;\"> em 2021<\/span><i><span style=\"font-weight: 400;\">, apenas 581 conquistaram o conceito m\u00e1ximo de 5 estrelas<\/span><\/i><\/p>\n<p>&nbsp;<\/p>\n<div class=\"area_cor\">\n<h2>As institui\u00e7\u00f5es p\u00fablicas com maior porcentual de cursos com 5 estrelas*<\/h2>\n<table>\n<tbody>\n<tr>\n<td><b>Institui\u00e7\u00e3o<\/b><\/td>\n<td><b>Estado<\/b><\/td>\n<td><b>% de cursos com 5 estrelas<\/b><\/td>\n<td><b>N\u00ba de cursos avaliados<\/b><\/td>\n<\/tr>\n<tr>\n<td><span style=\"font-weight: 400;\">ITA<\/span><\/td>\n<td><span style=\"font-weight: 400;\">SP<\/span><\/td>\n<td><span style=\"font-weight: 400;\">100%<\/span><\/td>\n<td><span style=\"font-weight: 400;\">6<\/span><\/td>\n<\/tr>\n<tr>\n<td><span style=\"font-weight: 400;\">USP<\/span><\/td>\n<td><span style=\"font-weight: 400;\">SP<\/span><\/td>\n<td><span style=\"font-weight: 400;\">68%<\/span><\/td>\n<td><span style=\"font-weight: 400;\">149<\/span><\/td>\n<\/tr>\n<tr>\n<td><span style=\"font-weight: 400;\">Unicamp<\/span><\/td>\n<td><span style=\"font-weight: 400;\">SP<\/span><\/td>\n<td><span style=\"font-weight: 400;\">65%<\/span><\/td>\n<td><span style=\"font-weight: 400;\">55<\/span><\/td>\n<\/tr>\n<tr>\n<td><span style=\"font-weight: 400;\">UFRGS<\/span><\/td>\n<td><span style=\"font-weight: 400;\">RS<\/span><\/td>\n<td><span style=\"font-weight: 400;\">32%<\/span><\/td>\n<td><span style=\"font-weight: 400;\">82<\/span><\/td>\n<\/tr>\n<tr>\n<td><span style=\"font-weight: 400;\">Unesp<\/span><\/td>\n<td><span style=\"font-weight: 400;\">SP<\/span><\/td>\n<td><span style=\"font-weight: 400;\">30%<\/span><\/td>\n<td><span style=\"font-weight: 400;\">138<\/span><\/td>\n<\/tr>\n<tr>\n<td><span style=\"font-weight: 400;\">Ufla<\/span><\/td>\n<td><span style=\"font-weight: 400;\">MG<\/span><\/td>\n<td><span style=\"font-weight: 400;\">29%<\/span><\/td>\n<td><span style=\"font-weight: 400;\">28<\/span><\/td>\n<\/tr>\n<tr>\n<td><span style=\"font-weight: 400;\">UFSCar<\/span><\/td>\n<td><span style=\"font-weight: 400;\">SP<\/span><\/td>\n<td><span style=\"font-weight: 400;\">27%<\/span><\/td>\n<td><span style=\"font-weight: 400;\">64<\/span><\/td>\n<\/tr>\n<tr>\n<td><span style=\"font-weight: 400;\">Unifesp<\/span><\/td>\n<td><span style=\"font-weight: 400;\">SP<\/span><\/td>\n<td><span style=\"font-weight: 400;\">27%<\/span><\/td>\n<td><span style=\"font-weight: 400;\">37<\/span><\/td>\n<\/tr>\n<tr>\n<td><span style=\"font-weight: 400;\">Unifei<\/span><\/td>\n<td><span style=\"font-weight: 400;\">MG<\/span><\/td>\n<td><span style=\"font-weight: 400;\">26%<\/span><\/td>\n<td><span style=\"font-weight: 400;\">34<\/span><\/td>\n<\/tr>\n<tr>\n<td><span style=\"font-weight: 400;\">UFMG<\/span><\/td>\n<td><span style=\"font-weight: 400;\">MG<\/span><\/td>\n<td><span style=\"font-weight: 400;\">25%<\/span><\/td>\n<td><span style=\"font-weight: 400;\">80<\/span><\/td>\n<\/tr>\n<\/tbody>\n<\/table>\n<p><i>Ausente no <\/i><b><i>Guia da Faculdade <\/i><\/b><i>em 2020, o ITA retorna \u00e0 avalia\u00e7\u00e3o este ano com todos os seus seis cursos avaliados atingindo o conceito 5 estrelas<\/i><\/p>\n<\/div>\n","protected":false},"excerpt":{"rendered":"<p>Apesar da for\u00e7a das universidades federais, espalhadas por todo o Brasil, foram tr\u00eas institui\u00e7\u00f5es estaduais em S\u00e3o Paulo que apresentaram o maior volume de cursos com 5 estrelas. A Universidade de S\u00e3o Paulo (USP) lidera esse ranking de alta qualidade com 101 notas m\u00e1ximas, apresentando um impressionante crescimento de 40% em rela\u00e7\u00e3o aos resultados do &hellip; <a href=\"https:\/\/publicacoes.estadao.com.br\/guia-da-faculdade-2021\/destaque-publicas-2021\/\">Continued<\/a><\/p>\n","protected":false},"author":5,"featured_media":0,"parent":0,"menu_order":0,"comment_status":"closed","ping_status":"closed","template":"template-destaque-publicas-2021.php","meta":{"footnotes":""},"class_list":["post-180102","page","type-page","status-publish","hentry"],"_links":{"self":[{"href":"https:\/\/publicacoes.estadao.com.br\/guia-da-faculdade-2021\/wp-json\/wp\/v2\/pages\/180102","targetHints":{"allow":["GET"]}}],"collection":[{"href":"https:\/\/publicacoes.estadao.com.br\/guia-da-faculdade-2021\/wp-json\/wp\/v2\/pages"}],"about":[{"href":"https:\/\/publicacoes.estadao.com.br\/guia-da-faculdade-2021\/wp-json\/wp\/v2\/types\/page"}],"author":[{"embeddable":true,"href":"https:\/\/publicacoes.estadao.com.br\/guia-da-faculdade-2021\/wp-json\/wp\/v2\/users\/5"}],"replies":[{"embeddable":true,"href":"https:\/\/publicacoes.estadao.com.br\/guia-da-faculdade-2021\/wp-json\/wp\/v2\/comments?post=180102"}],"version-history":[{"count":10,"href":"https:\/\/publicacoes.estadao.com.br\/guia-da-faculdade-2021\/wp-json\/wp\/v2\/pages\/180102\/revisions"}],"predecessor-version":[{"id":180238,"href":"https:\/\/publicacoes.estadao.com.br\/guia-da-faculdade-2021\/wp-json\/wp\/v2\/pages\/180102\/revisions\/180238"}],"wp:attachment":[{"href":"https:\/\/publicacoes.estadao.com.br\/guia-da-faculdade-2021\/wp-json\/wp\/v2\/media?parent=180102"}],"curies":[{"name":"wp","href":"https:\/\/api.w.org\/{rel}","templated":true}]}}