{"id":51482,"date":"2020-12-15T17:41:09","date_gmt":"2020-12-15T20:41:09","guid":{"rendered":"http:\/\/publicacoes.estadao.com.br\/empresasmais\/?page_id=51482"},"modified":"2020-12-15T18:25:40","modified_gmt":"2020-12-15T21:25:40","slug":"premiacao","status":"publish","type":"page","link":"https:\/\/publicacoes.estadao.com.br\/empresasmais2020\/premiacao\/","title":{"rendered":"Premia\u00e7\u00e3o"},"content":{"rendered":"<p class=\"normal\">A cerim\u00f4nia de an\u00fancio dos vencedores da <strong>6\u00aa edi\u00e7\u00e3o do Estad\u00e3o Empresas Mais<\/strong>, realizada virtualmente na manh\u00e3 da quinta-feira (10), demonstrou o quanto a premia\u00e7\u00e3o vem ganhando relev\u00e2ncia ano a ano.<\/p>\n<p class=\"normal\">Os depoimentos dos l\u00edderes das empresas premiadas nas mais diversas categorias refor\u00e7aram o orgulho pelo pr\u00eamio e o reconhecimento da seriedade e da profundidade que pautam todo o processo, parceria do <strong>Estad\u00e3o<\/strong> com a <strong>Austin Rating<\/strong> e a <strong>Funda\u00e7\u00e3o Instituto de Administra\u00e7\u00e3o (FIA)<\/strong>.<\/p>\n<p class=\"normal\">\u201cEstamos muito felizes com esse reconhecimento. \u00c9 um grande incentivo para nossos mais de 20 mil colaboradores\u201d, disse Ian Craig, CEO da Coca-Cola Femsa Brasil, primeira colocada no setor de Alimentos e Bebidas.<\/p>\n<p class=\"normal\">Para Christian Gebara, presidente da Vivo \u2013 vencedora na categoria Telecomunica\u00e7\u00f5es \u2013, o pr\u00eamio tem sabor especial por se tratar de um diferencial dentro de um setor extremamente competitivo. \u201cAinda mais num ano que evidenciou a for\u00e7a e a urg\u00eancia do nosso prop\u00f3sito: digitalizar para aproximar.\u201d<\/p>\n<p class=\"normal\">Ricardo Gondo, presidente da Renault no Brasil, classificou a primeira posi\u00e7\u00e3o na categoria Ve\u00edculos e Autope\u00e7as como \u201cuma importante comprova\u00e7\u00e3o da qualidade das nossas pr\u00e1ticas de gest\u00e3o e de nossas a\u00e7\u00f5es socioambientais\u201d.<\/p>\n<p class=\"normal\">O presidente do Bradesco, Octavio de Lazari Jr., disse que, mais do que feliz, estava emocionado com o pr\u00eamio de melhor banco do Pa\u00eds \u2013 categoria que resulta do cruzamento de v\u00e1rios indicadores financeiros. \u201cNeste momento t\u00e3o desafiador do ponto de vista humano, econ\u00f4mico e social, continuamos acreditando no Brasil e no nosso futuro. Somos capazes de vencer os obst\u00e1culos.\u201d<\/p>\n<blockquote><p>\u201c\u00c9 preciso organizar as despesas p\u00fablicas, pois o nosso Estado custa muito e entrega pouco.\u201d<br \/>\nRodrigo Maia, presidente da C\u00e2mara dos Deputados<\/p><\/blockquote>\n<h4>Inova\u00e7\u00e3o e governan\u00e7a<\/h4>\n<p class=\"normal\">\u201cParab\u00e9ns pelo est\u00edmulo \u00e0s empresas brasileiras que esse pr\u00eamio representa\u201d, disse o presidente da C\u00e2mara dos Deputados, Rodrigo Maia, que fez um pronunciamento durante o evento. Ele refor\u00e7ou a import\u00e2ncia de melhorar o ambiente de neg\u00f3cios no Pa\u00eds para atrair investimentos e aumentar a competitividade.<\/p>\n<p class=\"normal\">A reforma tribut\u00e1ria \u00e9 o processo essencial para tudo isso, ressaltou Maia. \u201c\u00c9 preciso organizar as despesas p\u00fablicas, pois o nosso Estado custa muito e entrega pouco.\u201d<\/p>\n<p class=\"normal\">Dois temas essenciais para as empresas hoje \u2013 inova\u00e7\u00e3o e governan\u00e7a corporativa \u2013 foram objeto de an\u00e1lise especial nesta edi\u00e7\u00e3o do Empresas Mais. Question\u00e1rios espec\u00edficos foram respondidos pelas participantes e posteriormente auditados para a obten\u00e7\u00e3o das pontua\u00e7\u00f5es que definiram os vencedores dessas categorias \u2013 Arcelor Mittal em Inova\u00e7\u00e3o e Coamo Agroindustrial Cooperativa em Governan\u00e7a Corporativa.<\/p>\n<p class=\"normal\">\u00c2ngela Beatriz de Assis, diretora-presidente da Brasilprev, vencedora na categoria Servi\u00e7os Financeiros e Seguradoras, ressaltou o acerto do processo ao investigar mais a fundo esses dois temas. \u201cS\u00e3o pr\u00e1ticas fundamentais para o nosso prop\u00f3sito de transformar a forma como o brasileiro se prepara para o futuro\u201d, ela comentou.<\/p>\n<blockquote><p>\u201cOs nomes representados na lista das melhores empresas do Pa\u00eds n\u00e3o deixam d\u00favida da pujan\u00e7a da economia nacional\u201d<br \/>\nFrancisco Mesquita Neto, diretor-presidente do Estad\u00e3o<\/p><\/blockquote>\n<h4>Melhores entre as melhores<\/h4>\n<p class=\"normal\">\u201cOs nomes representados na lista das melhores empresas do Pa\u00eds n\u00e3o deixam d\u00favida da pujan\u00e7a da economia nacional\u201d, ressaltou o diretor-presidente do Estad\u00e3o, Francisco Mesquita Neto, ao abrir o evento.<\/p>\n<p class=\"normal\">Algumas organiza\u00e7\u00f5es obtiveram destaque especial pela soma dos reconhecimentos conquistados no Empresas Mais. A Companhia Brasileira de Metalurgia e Minera\u00e7\u00e3o (CBMM) recebeu a maior pontua\u00e7\u00e3o final \u2013 sendo, assim, aclamada \u201cEmpresa do Ano\u201d.<\/p>\n<p class=\"normal\">Foi tamb\u00e9m, por consequ\u00eancia, a melhor empresa da Regi\u00e3o Sudeste e do setor de Metalurgia e Siderurgia. \u201c\u00c9 uma grande conquista para todos os funcion\u00e1rios e parceiros da CBMM. Seguiremos com a nossa miss\u00e3o de crescer sempre por meio da tecnologia\u201d, afirmou Eduardo Ribeiro, CEO do grupo.<\/p>\n<p class=\"normal\">Vencedor da categoria Varejo, o Assa\u00ed Atacadista ficou na segunda posi\u00e7\u00e3o geral. \u201cRecebemos com muito orgulho a informa\u00e7\u00e3o de que fomos considerados, pelo segundo ano consecutivo, a empresa mais eficiente do setor de varejo\u201d, disse o CEO, Belmiro Gomes.<\/p>\n<p class=\"normal\">A terceira melhor pontua\u00e7\u00e3o ficou com a Cal\u00e7ados Beira Rio, vencedora tamb\u00e9m na categoria T\u00eaxtil e Vestu\u00e1rio e melhor empresa da Regi\u00e3o Sul. \u201c\u00c9 uma grande honra receber esses pr\u00eamios. \u00c9 o reconhecimento de um trabalho executado por milhares de pessoas \u2013 colaboradores, prestadores de servi\u00e7o, fornecedores e lojistas\u201d, ressaltou a diretora comercial e de Marketing, Maribel Silva.<\/p>\n<p class=\"normal\">A Shell Brasil ganhou entre as empresas de Minera\u00e7\u00e3o, Cimento e Petr\u00f3leo e tamb\u00e9m como melhor Grupo. \u201cIsso demonstra que a companhia est\u00e1 no caminho certo e ao mesmo tempo aumenta a nossa responsabilidade neste momento intenso de virada de chave para a adequa\u00e7\u00e3o energ\u00e9tica\u201d, avaliou o presidente da empresa, Andr\u00e9 Ara\u00fajo.<\/p>\n<blockquote><p>\u201cH\u00e1 uma maior atribui\u00e7\u00e3o de responsabilidades \u00e0s empresas, a expectativa de um papel c\u00edvico, especialmente nas quest\u00f5es ligadas a seguran\u00e7a, sa\u00fade, meio ambiente e diversidade\u201d<br \/>\nMarco Tulio Zanini, professor da Escola de Administra\u00e7\u00e3o da FGV-RJ<\/p><\/blockquote>\n<h4>Refor\u00e7o da\u00a0sustentabilidade<\/h4>\n<p class=\"normal\">A premia\u00e7\u00e3o foi seguida pelo debate \u201c<strong>2021: Um Novo Ano Um \u2013 A Hora e a Vez das Empresas Sustent\u00e1veis, Diversas e Flex\u00edveis<\/strong>\u201d, conduzido pela jornalista Vera Magalh\u00e3es. Foi uma mesa-redonda que girou em torno da crescente import\u00e2ncia dos princ\u00edpios de ESG, iniciais em ingl\u00eas para meio ambiente, social e governan\u00e7a (environmental, social and governance), as tr\u00eas dimens\u00f5es envolvidas numa vis\u00e3o mais abrangente e hol\u00edstica de sustentabilidade.<\/p>\n<p class=\"normal\">Para Marco Tulio Zanini, professor da Escola de Administra\u00e7\u00e3o da Funda\u00e7\u00e3o Get\u00falio Vargas do Rio de Janeiro (FGV-RJ), as caracter\u00edsticas da crise trazida pela pandemia \u2013 imprevisibilidade e universalidade \u2013 est\u00e3o for\u00e7ando uma mudan\u00e7a na agenda da governan\u00e7a corporativa. \u201cH\u00e1 uma maior atribui\u00e7\u00e3o de responsabilidades \u00e0s empresas, a expectativa de um papel c\u00edvico, especialmente nas quest\u00f5es ligadas a seguran\u00e7a, sa\u00fade, meio ambiente e diversidade\u201d, ele observou.<\/p>\n<p class=\"normal\">A economista e consultora Zeina Latif afirmou que a rea\u00e7\u00e3o do setor produtivo brasileiro \u00e0 pandemia foi, de forma geral, muito positiva. \u201cH\u00e1 a compreens\u00e3o de que o mundo est\u00e1 mais complexo e o consumidor, mais exigente, olhando um leque maior de fatores que impactam suas decis\u00f5es de consumo.\u201d<\/p>\n<p>Confira como foi o evento virtual:<\/p>\n<p><iframe loading=\"lazy\" title=\"Empresas Mais 2020\" width=\"500\" height=\"281\" src=\"https:\/\/www.youtube.com\/embed\/_2rTBoxVVGQ?feature=oembed\" frameborder=\"0\" allow=\"accelerometer; autoplay; clipboard-write; encrypted-media; gyroscope; picture-in-picture; web-share\" referrerpolicy=\"strict-origin-when-cross-origin\" allowfullscreen><\/iframe><\/p>\n","protected":false},"excerpt":{"rendered":"<p>A cerim\u00f4nia de an\u00fancio dos vencedores da 6\u00aa edi\u00e7\u00e3o do Estad\u00e3o Empresas Mais, realizada virtualmente na manh\u00e3 da quinta-feira (10), demonstrou o quanto a premia\u00e7\u00e3o vem ganhando relev\u00e2ncia ano a ano. Os depoimentos dos l\u00edderes das empresas premiadas nas mais diversas categorias refor\u00e7aram o orgulho pelo pr\u00eamio e o reconhecimento da seriedade e da profundidade [&hellip;]<\/p>\n","protected":false},"author":2,"featured_media":0,"parent":0,"menu_order":0,"comment_status":"closed","ping_status":"closed","template":"","meta":{"_acf_changed":false,"footnotes":""},"class_list":["post-51482","page","type-page","status-publish","hentry"],"acf":[],"_links":{"self":[{"href":"https:\/\/publicacoes.estadao.com.br\/empresasmais2020\/wp-json\/wp\/v2\/pages\/51482","targetHints":{"allow":["GET"]}}],"collection":[{"href":"https:\/\/publicacoes.estadao.com.br\/empresasmais2020\/wp-json\/wp\/v2\/pages"}],"about":[{"href":"https:\/\/publicacoes.estadao.com.br\/empresasmais2020\/wp-json\/wp\/v2\/types\/page"}],"author":[{"embeddable":true,"href":"https:\/\/publicacoes.estadao.com.br\/empresasmais2020\/wp-json\/wp\/v2\/users\/2"}],"replies":[{"embeddable":true,"href":"https:\/\/publicacoes.estadao.com.br\/empresasmais2020\/wp-json\/wp\/v2\/comments?post=51482"}],"version-history":[{"count":5,"href":"https:\/\/publicacoes.estadao.com.br\/empresasmais2020\/wp-json\/wp\/v2\/pages\/51482\/revisions"}],"predecessor-version":[{"id":51489,"href":"https:\/\/publicacoes.estadao.com.br\/empresasmais2020\/wp-json\/wp\/v2\/pages\/51482\/revisions\/51489"}],"wp:attachment":[{"href":"https:\/\/publicacoes.estadao.com.br\/empresasmais2020\/wp-json\/wp\/v2\/media?parent=51482"}],"curies":[{"name":"wp","href":"https:\/\/api.w.org\/{rel}","templated":true}]}}

Premiação

<p class="normal">A cerimônia de anúncio dos vencedores da <strong>6ª edição do Estadão Empresas Mais</strong>, realizada virtualmente na manhã da quinta-feira (10), demonstrou o quanto a premiação vem ganhando relevância ano a ano.</p>
<p class="normal">Os depoimentos dos líderes das empresas premiadas nas mais diversas categorias reforçaram o orgulho pelo prêmio e o reconhecimento da seriedade e da profundidade que pautam todo o processo, parceria do <strong>Estadão</strong> com a <strong>Austin Rating</strong> e a <strong>Fundação Instituto de Administração (FIA)</strong>.</p>
<p class="normal">“Estamos muito felizes com esse reconhecimento. É um grande incentivo para nossos mais de 20 mil colaboradores”, disse Ian Craig, CEO da Coca-Cola Femsa Brasil, primeira colocada no setor de Alimentos e Bebidas.</p>
<p class="normal">Para Christian Gebara, presidente da Vivo – vencedora na categoria Telecomunicações –, o prêmio tem sabor especial por se tratar de um diferencial dentro de um setor extremamente competitivo. “Ainda mais num ano que evidenciou a força e a urgência do nosso propósito: digitalizar para aproximar.”</p>
<p class="normal">Ricardo Gondo, presidente da Renault no Brasil, classificou a primeira posição na categoria Veículos e Autopeças como “uma importante comprovação da qualidade das nossas práticas de gestão e de nossas ações socioambientais”.</p>
<p class="normal">O presidente do Bradesco, Octavio de Lazari Jr., disse que, mais do que feliz, estava emocionado com o prêmio de melhor banco do País – categoria que resulta do cruzamento de vários indicadores financeiros. “Neste momento tão desafiador do ponto de vista humano, econômico e social, continuamos acreditando no Brasil e no nosso futuro. Somos capazes de vencer os obstáculos.”</p>
<blockquote><p>“É preciso organizar as despesas públicas, pois o nosso Estado custa muito e entrega pouco.”<br />
Rodrigo Maia, presidente da Câmara dos Deputados</p></blockquote>
<h4>Inovação e governança</h4>
<p class="normal">“Parabéns pelo estímulo às empresas brasileiras que esse prêmio representa”, disse o presidente da Câmara dos Deputados, Rodrigo Maia, que fez um pronunciamento durante o evento. Ele reforçou a importância de melhorar o ambiente de negócios no País para atrair investimentos e aumentar a competitividade.</p>
<p class="normal">A reforma tributária é o processo essencial para tudo isso, ressaltou Maia. “É preciso organizar as despesas públicas, pois o nosso Estado custa muito e entrega pouco.”</p>
<p class="normal">Dois temas essenciais para as empresas hoje – inovação e governança corporativa – foram objeto de análise especial nesta edição do Empresas Mais. Questionários específicos foram respondidos pelas participantes e posteriormente auditados para a obtenção das pontuações que definiram os vencedores dessas categorias – Arcelor Mittal em Inovação e Coamo Agroindustrial Cooperativa em Governança Corporativa.</p>
<p class="normal">Ângela Beatriz de Assis, diretora-presidente da Brasilprev, vencedora na categoria Serviços Financeiros e Seguradoras, ressaltou o acerto do processo ao investigar mais a fundo esses dois temas. “São práticas fundamentais para o nosso propósito de transformar a forma como o brasileiro se prepara para o futuro”, ela comentou.</p>
<blockquote><p>“Os nomes representados na lista das melhores empresas do País não deixam dúvida da pujança da economia nacional”<br />
Francisco Mesquita Neto, diretor-presidente do Estadão</p></blockquote>
<h4>Melhores entre as melhores</h4>
<p class="normal">“Os nomes representados na lista das melhores empresas do País não deixam dúvida da pujança da economia nacional”, ressaltou o diretor-presidente do Estadão, Francisco Mesquita Neto, ao abrir o evento.</p>
<p class="normal">Algumas organizações obtiveram destaque especial pela soma dos reconhecimentos conquistados no Empresas Mais. A Companhia Brasileira de Metalurgia e Mineração (CBMM) recebeu a maior pontuação final – sendo, assim, aclamada “Empresa do Ano”.</p>
<p class="normal">Foi também, por consequência, a melhor empresa da Região Sudeste e do setor de Metalurgia e Siderurgia. “É uma grande conquista para todos os funcionários e parceiros da CBMM. Seguiremos com a nossa missão de crescer sempre por meio da tecnologia”, afirmou Eduardo Ribeiro, CEO do grupo.</p>
<p class="normal">Vencedor da categoria Varejo, o Assaí Atacadista ficou na segunda posição geral. “Recebemos com muito orgulho a informação de que fomos considerados, pelo segundo ano consecutivo, a empresa mais eficiente do setor de varejo”, disse o CEO, Belmiro Gomes.</p>
<p class="normal">A terceira melhor pontuação ficou com a Calçados Beira Rio, vencedora também na categoria Têxtil e Vestuário e melhor empresa da Região Sul. “É uma grande honra receber esses prêmios. É o reconhecimento de um trabalho executado por milhares de pessoas – colaboradores, prestadores de serviço, fornecedores e lojistas”, ressaltou a diretora comercial e de Marketing, Maribel Silva.</p>
<p class="normal">A Shell Brasil ganhou entre as empresas de Mineração, Cimento e Petróleo e também como melhor Grupo. “Isso demonstra que a companhia está no caminho certo e ao mesmo tempo aumenta a nossa responsabilidade neste momento intenso de virada de chave para a adequação energética”, avaliou o presidente da empresa, André Araújo.</p>
<blockquote><p>“Há uma maior atribuição de responsabilidades às empresas, a expectativa de um papel cívico, especialmente nas questões ligadas a segurança, saúde, meio ambiente e diversidade”<br />
Marco Tulio Zanini, professor da Escola de Administração da FGV-RJ</p></blockquote>
<h4>Reforço da sustentabilidade</h4>
<p class="normal">A premiação foi seguida pelo debate “<strong>2021: Um Novo Ano Um – A Hora e a Vez das Empresas Sustentáveis, Diversas e Flexíveis</strong>”, conduzido pela jornalista Vera Magalhães. Foi uma mesa-redonda que girou em torno da crescente importância dos princípios de ESG, iniciais em inglês para meio ambiente, social e governança (environmental, social and governance), as três dimensões envolvidas numa visão mais abrangente e holística de sustentabilidade.</p>
<p class="normal">Para Marco Tulio Zanini, professor da Escola de Administração da Fundação Getúlio Vargas do Rio de Janeiro (FGV-RJ), as características da crise trazida pela pandemia – imprevisibilidade e universalidade – estão forçando uma mudança na agenda da governança corporativa. “Há uma maior atribuição de responsabilidades às empresas, a expectativa de um papel cívico, especialmente nas questões ligadas a segurança, saúde, meio ambiente e diversidade”, ele observou.</p>
<p class="normal">A economista e consultora Zeina Latif afirmou que a reação do setor produtivo brasileiro à pandemia foi, de forma geral, muito positiva. “Há a compreensão de que o mundo está mais complexo e o consumidor, mais exigente, olhando um leque maior de fatores que impactam suas decisões de consumo.”</p>
<p>Confira como foi o evento virtual:</p>
<p><iframe loading="lazy" title="Empresas Mais 2020" width="500" height="281" src="https://www.youtube.com/embed/_2rTBoxVVGQ?feature=oembed" frameborder="0" allow="accelerometer; autoplay; clipboard-write; encrypted-media; gyroscope; picture-in-picture; web-share" referrerpolicy="strict-origin-when-cross-origin" allowfullscreen></iframe></p>

<p>A cerimônia de anúncio dos vencedores da 6ª edição do Estadão Empresas Mais, realizada virtualmente na manhã da quinta-feira (10), demonstrou o quanto a premiação vem ganhando relevância ano a ano. Os depoimentos dos líderes das empresas premiadas nas mais diversas categorias reforçaram o orgulho pelo prêmio e o reconhecimento da seriedade e da profundidade [&hellip;]</p>
