{"id":20580,"date":"2017-09-14T18:11:19","date_gmt":"2017-09-14T21:11:19","guid":{"rendered":"http:\/\/localhost\/empresas-mais-2017\/wordpress\/?page_id=5"},"modified":"2018-09-25T16:17:17","modified_gmt":"2018-09-25T19:17:17","slug":"ranking-cie","status":"publish","type":"page","link":"https:\/\/publicacoes.estadao.com.br\/empresasmais2018\/ranking-cie\/","title":{"rendered":"Ranking CIE"},"content":{"rendered":"<p>Nessa tabela est\u00e3o listadas as 100 empresas do Brasil que se destacaram segundo o Coeficiente de Impacto Estad\u00e3o\/FIA (CIE). Como j\u00e1 citado na reportagem sobre a metodologia do estudo que lastreia a publica\u00e7\u00e3o <b>Estad\u00e3o Empresas Mais<\/b>, o \u00edndice \u00e9 resultado do cruzamento de informa\u00e7\u00f5es relativas ao porte e ao desempenho financeiro de cada empresa em seu respectivo setor. Dessa forma, o ranking posiciona as empresas de acordo com o respectivo \u00edndice CIE, a come\u00e7ar pela RD Raia Drogasil, que atingiu a nota 95,74 e, por isso, \u00e9 a grande campe\u00e3 desta edi\u00e7\u00e3o do estudo. Como o objetivo dessa tabela \u00e9 destacar as 100 empresas que mais influenciam seus segmentos de mercado, segundo esse crit\u00e9rio, a lista se encerra na Bradesco Vida e Previd\u00eancia (\u00edndice de 80,44). Entre a primeira e a cent\u00e9sima colocada, est\u00e1 a maioria das companhias que se destacaram como as tr\u00eas melhores de cada um dos 23 principais setores da economia analisados.<\/p>\n","protected":false},"excerpt":{"rendered":"<p>Nessa tabela est\u00e3o listadas as 100 empresas do Brasil que se destacaram segundo o Coeficiente de Impacto Estad\u00e3o\/FIA (CIE). Como j\u00e1 citado na reportagem sobre a metodologia do estudo que lastreia a publica\u00e7\u00e3o Estad\u00e3o Empresas Mais, o \u00edndice \u00e9 resultado do cruzamento de informa\u00e7\u00f5es relativas ao porte e ao desempenho financeiro de cada empresa em [&hellip;]<\/p>\n","protected":false},"author":5,"featured_media":0,"parent":0,"menu_order":0,"comment_status":"closed","ping_status":"closed","template":"","meta":{"_acf_changed":false,"footnotes":""},"class_list":["post-20580","page","type-page","status-publish","hentry"],"acf":[],"_links":{"self":[{"href":"https:\/\/publicacoes.estadao.com.br\/empresasmais2018\/wp-json\/wp\/v2\/pages\/20580","targetHints":{"allow":["GET"]}}],"collection":[{"href":"https:\/\/publicacoes.estadao.com.br\/empresasmais2018\/wp-json\/wp\/v2\/pages"}],"about":[{"href":"https:\/\/publicacoes.estadao.com.br\/empresasmais2018\/wp-json\/wp\/v2\/types\/page"}],"author":[{"embeddable":true,"href":"https:\/\/publicacoes.estadao.com.br\/empresasmais2018\/wp-json\/wp\/v2\/users\/5"}],"replies":[{"embeddable":true,"href":"https:\/\/publicacoes.estadao.com.br\/empresasmais2018\/wp-json\/wp\/v2\/comments?post=20580"}],"version-history":[{"count":5,"href":"https:\/\/publicacoes.estadao.com.br\/empresasmais2018\/wp-json\/wp\/v2\/pages\/20580\/revisions"}],"predecessor-version":[{"id":31200,"href":"https:\/\/publicacoes.estadao.com.br\/empresasmais2018\/wp-json\/wp\/v2\/pages\/20580\/revisions\/31200"}],"wp:attachment":[{"href":"https:\/\/publicacoes.estadao.com.br\/empresasmais2018\/wp-json\/wp\/v2\/media?parent=20580"}],"curies":[{"name":"wp","href":"https:\/\/api.w.org\/{rel}","templated":true}]}}